. Is c a composite number?
False
Let x(f) = -f**2 + 9*f - 15. Let b be x(6). Suppose -2*i + b*p = -631, 0*p = 4*i + 3*p - 1253. Is i prime?
False
Let p(y) = y**2 + 2*y + 1. Let q be p(-2). Let f = q + 2. Suppose 5*h - 4*l - 889 = 0, -4*h + 705 = -0*h + f*l. Is h prime?
False
Let y(c) = c**2 + c - 8. Let n be y(-4). Suppose -o - o = 2*q - 578, -n*o + 1159 = 3*q. Is (o + 2 + -1)/1 prime?
True
Let m be (5 - -5 - 5) + 5074. Suppose 0 = -7*j + 4*j + m. Is j a prime number?
True
Suppose -9 - 12 = -7*n. Suppose -n*y + 163 = -164. Is y a prime number?
True
Let l(c) = 39*c**2 - 13. Let q = 4 - 0. Is l(q) a composite number?
True
Is 4/14 - (-940362)/28*2 a composite number?
False
Let y = -1117 + 2774. Is y a prime number?
True
Let f(r) = r**2 + 5*r - 1. Let n be f(-10). Let p = 34 + n. Is p composite?
False
Let i(w) = w**2 - 8*w + 3. Let s be i(6). Is (6/s)/(4/(-534)) composite?
False
Let f(r) = 13*r + 4. Let u(l) = -l - 2. Let v be u(-8). Is f(v) a prime number?
False
Suppose 5*n + 66*w - 63*w = 3392, 2*n = 3*w + 1361. Is n a prime number?
False
Is 1030416/96*(3 - 1) prime?
True
Is (-94214)/(-8) + (-2)/(-8) a composite number?
False
Suppose -809*r = -807*r - 6146. Is r a prime number?
False
Is 242079/7 + (-22)/(-77) a prime number?
True
Let s(j) = 103818*j**2 + 52*j + 51. Is s(-1) composite?
True
Let d(l) = -l**3 - 11*l**2 - 4*l + 9. Let j = -17 - 4. Let v be (-2 + j/(-9))*-33. Is d(v) a composite number?
False
Suppose 0 = 94*o - 91*o. Suppose l - 200 + 15 = o. Is l prime?
False
Let g(f) = 4 + 2*f + 1 + 1 + 6. Let d be g(-5). Suppose 0*p + 1060 = 4*p + d*l, -3*l + 530 = 2*p. Is p prime?
False
Let f(q) = 369*q**3 + 2*q**2 + 8*q + 3. Is f(4) a composite number?
True
Suppose 3*h - 730 = 2*w, 2*w = -4*h + 1314 - 322. Let u = -5 - -7. Suppose -h - 8 = -u*t. Is t prime?
True
Let w(j) = 2*j + 6. Let q be 12 + (-2 - 1) + -2. Let i be w(q). Suppose -214 = -4*o + 3*s, o + 4*s = 43 + i. Is o prime?
False
Let b(d) = -2*d**3 + 44*d**2 - 30*d + 45. Is b(19) composite?
True
Let m(i) = 2419*i**2 + 2*i + 10. Is m(3) a composite number?
False
Is (-21496)/(-6)*(221/26 + -7) composite?
True
Let s be (44/10)/(7/455). Let u = s - 143. Is u prime?
False
Let k be ((-6)/(-8))/(2 + (-135)/72). Is (-183015)/(-165) + (k/(-33))/1 a composite number?
False
Let z(u) = 6*u**2 - 19*u + 9. Is z(22) a composite number?
True
Is 4314/(-24)*(0 - 60)/3 a composite number?
True
Suppose 0 = 51*m - 33*m - 51498. Is m a prime number?
True
Let i = 873 - 239. Let z = i + -1503. Let u = -612 - z. Is u a prime number?
True
Suppose -3*u - 2*q + 4 = 0, 6 = u - 6*q + 2*q. Suppose u*j - 1054 = -96. Is j a prime number?
True
Suppose 0 = 2*h, -5*d + 0*h - h = -8285. Is d a composite number?
False
Let a be (-12)/(-4) + -2 + (-7)/(-1). Is a/28 - 3785/(-7) composite?
False
Let i(p) = -120*p - 16. Let r(x) = 121*x + 17. Let h(o) = 6*i(o) + 5*r(o). Is h(-6) a composite number?
True
Let u(n) be the first derivative of n**4/4 - 4*n**3/3 - 2*n**2 + 2*n + 3. Let x be (-37)/(-7) + 4/(-14). Is u(x) a prime number?
True
Suppose 4*d + 71 = -9. Let i = d + 31. Suppose 627 = i*m - 8*m. Is m a composite number?
True
Suppose -4227258 = 98*b - 104*b. Is b a composite number?
True
Let g be ((-4)/1 - -3)*12. Let p = 190 - g. Is p a prime number?
False
Let s be -4 + 0 - 2/6*6. Is 7*(s + 4 + 489) a composite number?
True
Let o = 1704 - 1039. Is o/(1 + 0) - -2 a prime number?
False
Let q(n) = -287*n - 81. Is q(-6) prime?
False
Let s(h) be the third derivative of h**5/20 + h**4/24 + 23*h**3/6 - 20*h**2. Is s(-13) a prime number?
False
Suppose -5*g = -19*z + 17*z + 143316, -5*z + 4*g + 358307 = 0. Is z prime?
True
Let h(t) = -11*t**2 + 4*t - 3. Let z be h(2). Let m be 15/(2/(-2)) + 78/(-39). Let i = m - z. Is i a composite number?
True
Let o(l) = -8*l - 31. Let q(j) = -2*j - 8. Let t(s) = 2*o(s) - 9*q(s). Let z = 16 - 10. Is t(z) a composite number?
True
Let j be ((-3)/9)/((-2)/18). Suppose -j*d + 252 = 4*a, 5*d - 310 = -3*a - 2*a. Suppose -2*x + 0*x + a = 0. Is x composite?
True
Let i(q) = 3*q**3 - q**2 + q + 3. Let b be i(0). Suppose b*l - 4154 = 3*z - z, 2*l + 5*z - 2744 = 0. Is l a prime number?
False
Let n(v) = 141*v + 1. Let f be n(4). Let d = f + -264. Let c = d + -208. Is c a composite number?
True
Let a = -60 - -70. Is ((-116)/(-5))/(4/a) a prime number?
False
Let f(i) = 11*i**2 + 6*i + 407. Is f(28) composite?
False
Let w(d) = 13*d**3 - 2*d**2 - 24*d + 5. Is w(8) a composite number?
True
Let n(g) be the first derivative of 25*g**3/3 - g**2 + 4*g - 4. Is n(-3) composite?
True
Let b(o) = -48*o**3 - o**2 + o - 2. Let l be b(-2). Let d be l/3 + 6/9. Is 10/15*d/4 a prime number?
False
Let p(q) = 52*q + 1. Let z be p(4). Suppose 9*t + 110 = 1730. Let r = t + z. Is r prime?
True
Suppose -187774 = -2*u + 3*w, u - 19*w + 15*w - 93887 = 0. Is u a prime number?
True
Let b be (-310)/40*212/(-1). Suppose b = 7*z - 1808. Is z prime?
False
Let q = -1422 - -10945. Is q a composite number?
True
Suppose 5*c - 3*m - 360 = 600, 3*c - m - 576 = 0. Let v = c - 98. Is v prime?
False
Let a(n) = -n**2 - 9*n - 7. Let v be a(-8). Let m be -362 + (2 - (v - -2)). Let r = -206 - m. Is r composite?
False
Is (-59814)/(-12) + 35/14 composite?
False
Let s(j) = -3*j**3 - 41*j**2 - 10*j + 33. Is s(-19) a prime number?
False
Let c be 15 + 1 + -2 + 1. Let q = 14 - c. Is q/((3 + 0)/(-1923)) prime?
True
Let u be -1 - 0 - (-20 - -16). Suppose -3*k = r - 17 - 301, -3*k + 972 = u*r. Is r a prime number?
False
Let v(f) = 101*f + 777. Is v(4) a prime number?
True
Suppose -8*n + 9 = -5*n. Let x(m) = 25*m**3 - 2*m**2 + 8*m + 6. Is x(n) prime?
False
Let t = -10 - -6. Let w = 8 + t. Suppose w*r - 528 = 116. Is r a composite number?
True
Let w = 34 - 26. Suppose 11*j = w*j + 1689. Is j prime?
True
Is -5 + 85/15 - (-59582)/6 prime?
True
Let s(a) = -36*a + 7. Let y be (-4)/8*-14*-1. Let p be 4/((42/9)/y). Is s(p) a composite number?
False
Is (-16)/(-32)*(-25206)/(-3) a prime number?
True
Let m(a) be the third derivative of a**5/60 - a**4/4 + 8*a**3/3 + 16*a**2. Is m(-21) composite?
True
Let h = -10 - -17. Let c(k) = 9*k**2 + 5*k - 5. Is c(h) a prime number?
False
Let p be 4/10 - 72/(-20). Suppose p*t - 84 = 4*q, -t + 2*t - 25 = 3*q. Suppose -650 - t = -3*j. Is j a composite number?
False
Let h be 24/9*(-9)/4. Let k be 2/(1/(3/h)). Is 0 + 1*(k + 128) composite?
False
Suppose -p = -2 - 1. Suppose p*l = -4702 - 15836. Is 2/(-3)*l/28 composite?
False
Suppose -2*v + 4*i + 24742 = 0, -3*i - 49489 = -5*v + v. Is v a prime number?
True
Suppose 0 = 5*l - 13563 - 13727. Is l a composite number?
True
Let x(k) be the second derivative of k**3/3 + 25*k**2/2 - 10*k. Is x(14) a prime number?
True
Suppose -18 = 5*h + 7. Let g(z) = 2*z**2 - 3*z**2 + 2*z**2 - 6*z + 3 + 0*z. Is g(h) composite?
True
Let r(b) = 95*b**2 - 7*b + 5. Let a be 0 - -4 - 2/4*0. Is r(a) composite?
True
Let v(k) = k**2 + 5*k - 8. Let w be 1*12/3*2. Let t be v(w). Suppose c = t + 49. Is c a prime number?
False
Let q(b) = b**3 - 11*b**2 + 5*b - 8. Let u(z) = z**3 - 12*z**2 + 6*z - 8. Let c(g) = -3*q(g) + 2*u(g). Let s be c(7). Suppose s = 2*w - 181. Is w prime?
False
Suppose 7*a - 14044 = 106993. Is a composite?
False
Suppose c - 6642 = 30107. Is c a prime number?
True
Suppose 19*u = -35074 + 87533. Is u a composite number?
True
Let t(y) be the third derivative of y**7/560 + y**6/144 + y**5/6 - y**2. Let s(i) be the third derivative of t(i). Is s(12) prime?
True
Let z(y) be the second derivative of y**5/10 - 7*y**4/24 + y**3 + 2*y**2 - 2*y. Let g(p) be the first derivative of z(p). Is g(5) prime?
False
Suppose -6 = -2*b - 4*h, -4*h = 4*b - 3*b - 1. Let x = 11 - -43. Suppose u - x = -b*g, u = -u - 2*g + 100. Is u composite?
True
Suppose -6*q = -14*q + 9448. Is q a prime number?
True
Suppose 0 = 46*t - 44*t - 2398. Is t prime?
False
Let d(b) be the first derivative of -39/2*b**2 + 5 + b. Is d(-4) composite?
False
Let r(x) = -43*x + 1. Let o be r(-1). Suppose -3*k = -k + o. Let f = -11 - k. Is f a prime number?
True
Let z(i) = 11*i**2 - 19*i - 3. Is z(-7) a prime number?
False
Suppose -15*u - 424 = -19*u. Let l = u - -85. Is l composite?
False
Let w(b) = b**3 - 2*b**2 - 3*b + 452. Let n be w(0). Suppose -z = r - 464, 2*r - r + 5*z = n. Is r a composite number?
False
Let c(g) = 4417*g**3 - g**2 + 2*g - 1. Is c(1) com